39*r = 70404 + 29280. Calculate the remainder when r is divided by 128.
124
Let a(t) = -t**3 + 6*t**2 - t + 8. Let p be a(6). Suppose p*o + 86 = 3*o. Calculate the remainder when o is divided by (-9)/24 - 0 - 729/(-24).
26
Suppose -3*i + 96 = x, i - x = -3*x + 37. Calculate the remainder when i is divided by 38*2/(3 + (-4 - -5)).
12
Calculate the remainder when 481 is divided by (-1 - (-22)/14)/((-21)/(-1617)).
41
Let c(t) = -t - 14. Let f be c(-7). Let m(y) = -y**2 - 7*y - 2. Let a be m(f). Let v = a + 23. What is the remainder when v is divided by 6?
3
Suppose 1512 = 4*o + 3*v - 784, -3*o + 2*v + 1705 = 0. Calculate the remainder when o is divided by 41.
38
Suppose 567196 = 717*c - 286*c. Calculate the remainder when c is divided by 149.
124
Let u(m) = m**2 - 30*m - 1443. Calculate the remainder when 141 - ((-1)/(-1) + 1) is divided by u(56).
9
Let a(l) = 2*l**2 - 9*l + 9. Let t be a(3). Suppose -4*b = -t*b - 116. Calculate the remainder when b is divided by 16.
13
Suppose -7*v - 4*q + 2528 = -2*v, -2*v + 998 = -5*q. Suppose 15*z - v = -3*z. Calculate the remainder when 147 is divided by z.
7
Let m be (78/(-8))/(4/16). Let v = m + 31. Let x(j) = 5*j**2 + 25*j + 10. Calculate the remainder when x(v) is divided by 33.
31
Let g be (35/56)/(2/16). Suppose g*y - 99 - 1 = 0. Calculate the remainder when 96 is divided by y.
16
Suppose -4*v - 5*y + 54 + 20 = 0, -y + 6 = 0. What is the remainder when 6166 is divided by v?
6
Let p be (15 - 14)*(-2 + (-4)/(-2)). Suppose p = -4*a + 3*m + 19, -2*a - 4*m + 40 = 2*a. What is the remainder when a is divided by ((-60)/(-42))/((-2)/(-7))?
2
Let z be 12 + (3/(-9))/1*3. Suppose -9*t - 24 = -z*t. Let r = -140 - -160. Calculate the remainder when r is divided by t.
8
Let i = 9 + -13. Let b = i + 29. Calculate the remainder when 714/15 + 261/(-435) is divided by b.
22
Let i = -3085 - -3095. What is the remainder when 13999 is divided by i?
9
Suppose 32 - 44 = -6*d. Calculate the remainder when 115 is divided by 187/(-22)*d*-1.
13
Calculate the remainder when 1750 is divided by 16898/(-1988)*(1 + 6/(-2)).
16
Let k = 42 - 42. Suppose k = 3*b + 2*l + 215, -3*b - 4*l + 6*l - 223 = 0. Let a = b - -116. Calculate the remainder when 171 is divided by a.
42
Suppose y - 22 = -5*s, 3*y = 4*s - 38 + 9. Let g(o) = 2*o**2 + 2*o + 1. Let q be g(3). Suppose -60 - q = -5*c. Calculate the remainder when c is divided by s.
2
Suppose 251*u = 29786 - 419. Let p = 89 - 59. What is the remainder when u is divided by p?
27
Let g = -35 + 48. Let l(r) = -3*r**3 - 8*r**2 - 2*r + 6. What is the remainder when l(-3) is divided by g?
8
Suppose -30*z = -2650 - 1158 - 1052. What is the remainder when 537 is divided by z?
51
Suppose 5*z + 362 = 3*t, -2*z + z + 650 = 5*t. Let s = 132 - t. What is the remainder when 14 is divided by s?
2
Calculate the remainder when 366 is divided by ((-17)/(-3))/(89/267).
9
Suppose 3*d - 203 = -4*k - k, 2*k - 67 = -d. What is the remainder when 6032 is divided by d?
68
Let x(z) = 15*z + 2. Suppose 2*m = 4*q - 940, 103*m - 99*m - 1123 = -5*q. What is the remainder when q is divided by x(3)?
43
Suppose 5*p = -5*o + 525, 0 = 4*o - 3*o + 2*p - 104. Calculate the remainder when 26074 is divided by o.
104
Calculate the remainder when (27 - 40)/39 - 1543/(-3) is divided by 72.
10
Let t = 41544 + -41472. What is the remainder when 455 is divided by t?
23
Let u = 6118 - 5963. Let i = 185 - 131. Calculate the remainder when u is divided by i.
47
Let a(h) = 3*h**2 + 12*h + 531. What is the remainder when a(24) is divided by 28?
27
Let d = -11175 - -15796. Calculate the remainder when d is divided by 17.
14
Let k = 33905 - 31683. Calculate the remainder when 2230 is divided by k.
8
Suppose 5 = x + 3. Suppose -d - 8 = -4*j - 0*d, x*d - 8 = -4*j. Let q(w) = w**2 + 18*w + 84. Calculate the remainder when q(-9) is divided by j.
1
Let g = 18621 - 18553. Calculate the remainder when 2451 is divided by g.
3
Suppose 5*s + 2*g = 66, 13*g - 11*g + 30 = 3*s. Calculate the remainder when 1255 is divided by s.
7
Let p(g) = -g**2 - 36*g - 105. Let s be p(-32). Suppose -s*m + 767 + 2637 = 0. What is the remainder when m is divided by 51?
46
Let r be ((-56)/35)/(-4) + 2/(-5). Suppose 2*v + r*m - 19 = m, 4*v = -m + 47. What is the remainder when 129 is divided by v?
8
Suppose 0 = -z + 9 + 6. Let t = 3039 - 3010. What is the remainder when t is divided by z?
14
What is the remainder when 2048 is divided by 4 - ((-8)/2 + (-10 - -16) + -10)?
8
Suppose -20*f - 2*c = -18*f - 72, -130 = -5*f + 5*c. Let b(w) = -3*w - 3 + w + 2. What is the remainder when f is divided by b(-6)?
9
Suppose 90 = 7*g - 120. Let y = 0 + 79. Let z = y - g. Calculate the remainder when z is divided by 26.
23
Let l(b) = b**2 - 4*b + 6. Let m be l(10). What is the remainder when 168 is divided by m*(-5)/(75/(-10))?
36
Suppose 34607 + 11808 + 22795 = 30*x. What is the remainder when x is divided by 70?
67
Let b = 9513 - 9482. Calculate the remainder when 1233 is divided by b.
24
Let l(n) = -6*n**2 + 4*n + 6. Let x be l(-9). Let z = x + 1118. What is the remainder when z is divided by 67?
66
Let o(u) = u - 5. Let w be (56/(-140))/((-2)/30). Let z be o(w). Calculate the remainder when (2 - z) + 20 + 3 is divided by 15.
9
Let i(s) = 3*s**2 - 91*s + 132. Calculate the remainder when 375 is divided by i(30).
69
Let r(t) = 113*t**2 - 5*t - 1. Let h be r(2). Suppose -6*a + 15*a = h. Calculate the remainder when 92 is divided by a.
43
Let v = -2508 - -2527. What is the remainder when 1119 is divided by v?
17
Suppose -3*u + 178 = 28. Let c = -46995 + 47185. Calculate the remainder when c is divided by u.
40
Suppose 2*m + 56 = 6*m. Let p(v) = 2*v**2 - v + 1. Let d(l) = -7*l**2 + 10*l - 3. Let q(z) = -d(z) - 3*p(z). Calculate the remainder when q(9) is divided by m.
4
Let f be (-29)/((-6)/(-6))*3. Suppose -4*n + 100 = -2*t, -5*t - 298 = 3*n - n. Let y = t - f. What is the remainder when 114 is divided by y?
27
Suppose 2*a + 2*u + 108 = 5*a, 2*a - 3*u - 72 = 0. Suppose 48 + a = 3*p. Suppose -m = -1, 7*b - 2*b + 2*m = 267. Calculate the remainder when b is divided by p.
25
Let n be -1*4*(-2)/(-4). Let p(s) be the third derivative of -s**4/3 - s**3/6 - 55*s**2. What is the remainder when p(n) is divided by 4?
3
Let k(o) = -o**3 - 4*o**2 - 2*o + 2. Let m be k(-3). What is the remainder when m/(68/69 - 1) is divided by (-4 - (6 + -10) - (-51 - -50))/(4/32)?
5
Let p be 89 + (2 + -2 - 4). Suppose -4*x + 84 = 3*f, 4*x + 17 = f + p. Let n = 206 + -201. What is the remainder when x is divided by n?
3
Let s(t) = -t**3 - 13*t**2 - 37*t + 3. Let o be 16/10*50/(-20). Let r = 4 + -1. What is the remainder when s(o) is divided by r?
1
Suppose -g = 27 - 30. Suppose -1 = -d + 2, -g*j + 183 = -4*d. What is the remainder when j is divided by 27?
11
Suppose 2*r = -192*q + 189*q + 46260, -2*r = -q + 15412. Calculate the remainder when q is divided by 20.
18
Suppose -3388 = 151*s - 228*s. Calculate the remainder when 15443 is divided by s.
43
Let p = -33 + -17. Let k = p - -67. Calculate the remainder when 7 is divided by -1 + 1/3 - k/(-3).
2
Suppose 0 = -85*w + 89*w - 3800. What is the remainder when w is divided by 9?
5
Let x(v) = v**3 + 16*v**2 - v - 8. Let m be x(-16). Suppose m*g + 51 = 5*g. Let r = -9 - g. What is the remainder when 29 is divided by r?
5
Let k = 283 - 418. Let c = k - -156. Let i = -57 + 93. Calculate the remainder when i is divided by c.
15
Let j(g) = -3*g**3 + 38*g**2 + 28*g - 21. Let f(q) = 3*q**2 + 4*q + 7. Calculate the remainder when j(13) is divided by f(-3).
20
Suppose -18999 = -21*f + 3*d, -1808 = -15*f + 13*f + d. Calculate the remainder when f is divided by 183.
173
Suppose 2*b - 9*b = -3360. Let p = b + -945. What is the remainder when 44 is divided by 1/(-4) - p/20?
21
Suppose 2537 = 158*s - 8122 + 2127. Suppose -3*r - 1 = -4*r + 4*g, 4 = -4*g. Let v = r + 17. Calculate the remainder when s is divided by v.
12
Let o be (4 - -6) + 9/(-6)*2. Let j(c) = c**3 - 7*c**2 + 23. What is the remainder when 85 is divided by j(o)?
16
Calculate the remainder when 353 is divided by (-8600)/(-64) - (-75)/(-200).
85
Suppose 19*h - 18*h - 1836 = -3*g, 0 = 2*h + g - 3672. Suppose 2*y + h = 14*y. Calculate the remainder when y is divided by 26.
23
Suppose -160*h + 96 = -154*h. Suppose -h